{"id":465,"date":"2022-04-24T22:08:46","date_gmt":"2022-04-24T22:08:46","guid":{"rendered":"https:\/\/architect.oceanwp.org\/?page_id=465"},"modified":"2026-03-25T01:18:19","modified_gmt":"2026-03-25T01:18:19","slug":"home","status":"publish","type":"page","link":"https:\/\/aldtrade.fi\/","title":{"rendered":"Home"},"content":{"rendered":"\t\t<div data-elementor-type=\"wp-page\" data-elementor-id=\"465\" class=\"elementor elementor-465\">\n\t\t\t\t\t\t<section class=\"elementor-section elementor-top-section elementor-element elementor-element-7db82686 elementor-section-height-min-height elementor-section-boxed elementor-section-height-default elementor-section-items-middle\" data-id=\"7db82686\" data-element_type=\"section\" data-e-type=\"section\" data-settings=\"{&quot;background_background&quot;:&quot;slideshow&quot;,&quot;background_slideshow_gallery&quot;:[{&quot;id&quot;:791,&quot;url&quot;:&quot;https:\\\/\\\/aldtrade.fi\\\/wp-content\\\/uploads\\\/2026\\\/03\\\/oceanwp-architect-image-003.jpg&quot;},{&quot;id&quot;:792,&quot;url&quot;:&quot;https:\\\/\\\/aldtrade.fi\\\/wp-content\\\/uploads\\\/2026\\\/03\\\/oceanwp-architect-image-001.jpg&quot;},{&quot;id&quot;:793,&quot;url&quot;:&quot;https:\\\/\\\/aldtrade.fi\\\/wp-content\\\/uploads\\\/2026\\\/03\\\/oceanwp-architect-image-002.jpg&quot;}],&quot;background_slideshow_loop&quot;:&quot;yes&quot;,&quot;background_slideshow_slide_duration&quot;:5000,&quot;background_slideshow_slide_transition&quot;:&quot;fade&quot;,&quot;background_slideshow_transition_duration&quot;:500}\">\n\t\t\t\t\t\t\t<div class=\"elementor-background-overlay\"><\/div>\n\t\t\t\t\t\t\t<div class=\"elementor-container elementor-column-gap-default\">\n\t\t\t\t\t<div class=\"elementor-column elementor-col-100 elementor-top-column elementor-element elementor-element-37dda25d\" data-id=\"37dda25d\" data-element_type=\"column\" data-e-type=\"column\">\n\t\t\t<div class=\"elementor-widget-wrap elementor-element-populated\">\n\t\t\t\t\t\t<div class=\"elementor-element elementor-element-118b935b elementor-widget-divider--view-line elementor-widget elementor-widget-divider\" data-id=\"118b935b\" data-element_type=\"widget\" data-e-type=\"widget\" data-widget_type=\"divider.default\">\n\t\t\t\t\t\t\t<div class=\"elementor-divider\">\n\t\t\t<span class=\"elementor-divider-separator\">\n\t\t\t\t\t\t<\/span>\n\t\t<\/div>\n\t\t\t\t\t\t<\/div>\n\t\t\t\t<div class=\"elementor-element elementor-element-6eda6c63 elementor-widget elementor-widget-heading\" data-id=\"6eda6c63\" data-element_type=\"widget\" data-e-type=\"widget\" data-widget_type=\"heading.default\">\n\t\t\t\t\t<h1 class=\"elementor-heading-title elementor-size-default\">Drone development &amp; sales<\/h1>\t\t\t\t<\/div>\n\t\t\t\t<div class=\"elementor-element elementor-element-502dc8c1 elementor-widget elementor-widget-heading\" data-id=\"502dc8c1\" data-element_type=\"widget\" data-e-type=\"widget\" data-widget_type=\"heading.default\">\n\t\t\t\t\t<h2 class=\"elementor-heading-title elementor-size-default\">We have been working with drones since 2006.<\/h2>\t\t\t\t<\/div>\n\t\t\t\t\t<\/div>\n\t\t<\/div>\n\t\t\t\t\t<\/div>\n\t\t<\/section>\n\t\t\t\t<section class=\"elementor-section elementor-top-section elementor-element elementor-element-2dbe2d5c elementor-section-boxed elementor-section-height-default elementor-section-height-default\" data-id=\"2dbe2d5c\" data-element_type=\"section\" data-e-type=\"section\">\n\t\t\t\t\t\t<div class=\"elementor-container elementor-column-gap-default\">\n\t\t\t\t\t<div class=\"elementor-column elementor-col-100 elementor-top-column elementor-element elementor-element-261513e6\" data-id=\"261513e6\" data-element_type=\"column\" data-e-type=\"column\">\n\t\t\t<div class=\"elementor-widget-wrap elementor-element-populated\">\n\t\t\t\t\t\t<div class=\"elementor-element elementor-element-253ec4f9 elementor-widget elementor-widget-spacer\" data-id=\"253ec4f9\" data-element_type=\"widget\" data-e-type=\"widget\" data-widget_type=\"spacer.default\">\n\t\t\t\t\t\t\t<div class=\"elementor-spacer\">\n\t\t\t<div class=\"elementor-spacer-inner\"><\/div>\n\t\t<\/div>\n\t\t\t\t\t\t<\/div>\n\t\t\t\t<div class=\"elementor-element elementor-element-3551ecdd elementor-widget elementor-widget-menu-anchor\" data-id=\"3551ecdd\" data-element_type=\"widget\" data-e-type=\"widget\" data-widget_type=\"menu-anchor.default\">\n\t\t\t\t\t\t\t<div class=\"elementor-menu-anchor\" id=\"more\"><\/div>\n\t\t\t\t\t\t<\/div>\n\t\t\t\t<div class=\"elementor-element elementor-element-1668247d elementor-widget elementor-widget-spacer\" data-id=\"1668247d\" data-element_type=\"widget\" data-e-type=\"widget\" data-widget_type=\"spacer.default\">\n\t\t\t\t\t\t\t<div class=\"elementor-spacer\">\n\t\t\t<div class=\"elementor-spacer-inner\"><\/div>\n\t\t<\/div>\n\t\t\t\t\t\t<\/div>\n\t\t\t\t<section class=\"elementor-section elementor-inner-section elementor-element elementor-element-32eff11d elementor-section-content-middle elementor-section-boxed elementor-section-height-default elementor-section-height-default\" data-id=\"32eff11d\" data-element_type=\"section\" data-e-type=\"section\">\n\t\t\t\t\t\t<div class=\"elementor-container elementor-column-gap-no\">\n\t\t\t\t\t<div class=\"elementor-column elementor-col-50 elementor-inner-column elementor-element elementor-element-4011020c\" data-id=\"4011020c\" data-element_type=\"column\" data-e-type=\"column\">\n\t\t\t<div class=\"elementor-widget-wrap elementor-element-populated\">\n\t\t\t\t\t\t<div class=\"elementor-element elementor-element-3b0bd6d7 elementor-widget elementor-widget-image\" data-id=\"3b0bd6d7\" data-element_type=\"widget\" data-e-type=\"widget\" data-widget_type=\"image.default\">\n\t\t\t\t\t\t\t\t\t\t\t\t\t\t\t<img fetchpriority=\"high\" decoding=\"async\" width=\"1920\" height=\"2560\" src=\"https:\/\/aldtrade.fi\/wp-content\/uploads\/2026\/03\/IMG_20240508_211044-scaled.jpg\" class=\"attachment-full size-full wp-image-811\" alt=\"\" srcset=\"https:\/\/aldtrade.fi\/wp-content\/uploads\/2026\/03\/IMG_20240508_211044-scaled.jpg 1920w, https:\/\/aldtrade.fi\/wp-content\/uploads\/2026\/03\/IMG_20240508_211044-225x300.jpg 225w, https:\/\/aldtrade.fi\/wp-content\/uploads\/2026\/03\/IMG_20240508_211044-768x1024.jpg 768w, https:\/\/aldtrade.fi\/wp-content\/uploads\/2026\/03\/IMG_20240508_211044-1152x1536.jpg 1152w, https:\/\/aldtrade.fi\/wp-content\/uploads\/2026\/03\/IMG_20240508_211044-1536x2048.jpg 1536w\" sizes=\"(max-width: 1920px) 100vw, 1920px\" \/>\t\t\t\t\t\t\t\t\t\t\t\t\t\t\t<\/div>\n\t\t\t\t\t<\/div>\n\t\t<\/div>\n\t\t\t\t<div class=\"elementor-column elementor-col-50 elementor-inner-column elementor-element elementor-element-1ea18d23\" data-id=\"1ea18d23\" data-element_type=\"column\" data-e-type=\"column\">\n\t\t\t<div class=\"elementor-widget-wrap elementor-element-populated\">\n\t\t\t\t\t\t<div class=\"elementor-element elementor-element-642da90c elementor-widget elementor-widget-spacer\" data-id=\"642da90c\" data-element_type=\"widget\" data-e-type=\"widget\" data-widget_type=\"spacer.default\">\n\t\t\t\t\t\t\t<div class=\"elementor-spacer\">\n\t\t\t<div class=\"elementor-spacer-inner\"><\/div>\n\t\t<\/div>\n\t\t\t\t\t\t<\/div>\n\t\t\t\t<div class=\"elementor-element elementor-element-5db8868a elementor-widget-divider--view-line elementor-widget elementor-widget-divider\" data-id=\"5db8868a\" data-element_type=\"widget\" data-e-type=\"widget\" data-widget_type=\"divider.default\">\n\t\t\t\t\t\t\t<div class=\"elementor-divider\">\n\t\t\t<span class=\"elementor-divider-separator\">\n\t\t\t\t\t\t<\/span>\n\t\t<\/div>\n\t\t\t\t\t\t<\/div>\n\t\t\t\t<div class=\"elementor-element elementor-element-2fe6692e elementor-widget elementor-widget-heading\" data-id=\"2fe6692e\" data-element_type=\"widget\" data-e-type=\"widget\" data-widget_type=\"heading.default\">\n\t\t\t\t\t<h2 class=\"elementor-heading-title elementor-size-default\">Our Story<\/h2>\t\t\t\t<\/div>\n\t\t\t\t<div class=\"elementor-element elementor-element-7637d6cb elementor-widget elementor-widget-heading\" data-id=\"7637d6cb\" data-element_type=\"widget\" data-e-type=\"widget\" data-widget_type=\"heading.default\">\n\t\t\t\t\t<p class=\"elementor-heading-title elementor-size-default\">ALD Trade Oy on toiminut kauko-ohjattavien droonilaitteiden ja -j\u00e4rjestelmien parissa vuodesta 2006 alkaen. Pitk\u00e4 kokemuksemme ja laaja osaamisemme varmistavat, ett\u00e4 asiakkaan tarpeisiin l\u00f6ytyy paras mahdollinen ratkaisu.\n\nToteutukset\n\nALD Trade toteutti ensimm\u00e4isen drooniprojektinsa Oulun yliopiston kanssa vuonna 2006. Ensimm\u00e4iset kuluttajak\u00e4ytt\u00f6\u00f6n tarkoitetut droonit julkaistiin vuonna 2013, ja FPV Racing -droonit saatiin markkinoille vuonna 2015. \n\nVuonna 2017 julkaisemme 4G\/LTE drooniserverin sek\u00e4 drooniparvet yritys- ja ammattik\u00e4ytt\u00e4jille. Samana vuonna toteutimme my\u00f6s ensimm\u00e4iset teolliset ja maanviljelysdroonit. Vuonna 2019 voitimme Puolustusvoimien droonikilpailutuksen. \n\nDrone Tournament -tapahtumassa olemme olleet mukana vuosina 2020 ja 2022.\n\nVerkkoteknologian siirtyess\u00e4 kohti 5G-mobiiliverkkoja toteutimme maailman ensimm\u00e4isen 8K 360 5G -livel\u00e4hetyksen liikkuvasta droonista. Droonin kauko-ohjaus 5G-mobiiliverkon yli toteutettiin vuonna 2021. Olemme kouluttaneet yli 10 henkil\u00f6\u00e4 raskaan droonin (yli 25 kg lentopaino) operaattoreiksi.\n\nTuotteet\n\nEdustamme Suomessa useita droonituotteita ja -j\u00e4rjestelmi\u00e4, kuten Walkera, DJI ja Autel. Toteutamme my\u00f6s asiakastarpeiden mukaan suunniteltuja, r\u00e4\u00e4t\u00e4l\u00f6ityj\u00e4 ja huipputason komponenteista kootuja droonilaitteita. Kaikissa tarjoamissamme ratkaisuissa otamme huomioon avoimet rajapinnat, yleiset standardit ja tietoturvalliset laitteet sek\u00e4 hallintaohjelmistot.\n\nEtsimme aina asiakkaan tarpeisiin parhaiten sopivaa ratkaisua.\n\nPalvelut\n\nAsiakkaan antureiden integrointi droonij\u00e4rjestelmiin. Teemme droonilaitteistolla toteutettavia lentoteht\u00e4vi\u00e4. Koulutamme drooni-lent\u00e4ji\u00e4 kaikille laitteille ja j\u00e4rjestelmille. Suunnittelemme asiakkaan tarpeisiin et\u00e4hallittavat droonij\u00e4rjestelm\u00e4t.\n\nTarvittaessa autamme asiakkaan puolesta luvanhakuprosessissa droonilaitteita tai -j\u00e4rjestelm\u00e4\u00e4 varten.\n\nTeemme my\u00f6s 3D-suunnittelua ja tulostuksia tilauksen sek\u00e4 tarpeen mukaan.<\/p>\t\t\t\t<\/div>\n\t\t\t\t<div class=\"elementor-element elementor-element-4defe115 elementor-widget elementor-widget-spacer\" data-id=\"4defe115\" data-element_type=\"widget\" data-e-type=\"widget\" data-widget_type=\"spacer.default\">\n\t\t\t\t\t\t\t<div class=\"elementor-spacer\">\n\t\t\t<div class=\"elementor-spacer-inner\"><\/div>\n\t\t<\/div>\n\t\t\t\t\t\t<\/div>\n\t\t\t\t\t<\/div>\n\t\t<\/div>\n\t\t\t\t\t<\/div>\n\t\t<\/section>\n\t\t\t\t<div class=\"elementor-element elementor-element-df1b8d5 elementor-widget elementor-widget-spacer\" data-id=\"df1b8d5\" data-element_type=\"widget\" data-e-type=\"widget\" data-widget_type=\"spacer.default\">\n\t\t\t\t\t\t\t<div class=\"elementor-spacer\">\n\t\t\t<div class=\"elementor-spacer-inner\"><\/div>\n\t\t<\/div>\n\t\t\t\t\t\t<\/div>\n\t\t\t\t<div class=\"elementor-element elementor-element-187134f1 elementor-widget elementor-widget-spacer\" data-id=\"187134f1\" data-element_type=\"widget\" data-e-type=\"widget\" data-widget_type=\"spacer.default\">\n\t\t\t\t\t\t\t<div class=\"elementor-spacer\">\n\t\t\t<div class=\"elementor-spacer-inner\"><\/div>\n\t\t<\/div>\n\t\t\t\t\t\t<\/div>\n\t\t\t\t\t<\/div>\n\t\t<\/div>\n\t\t\t\t\t<\/div>\n\t\t<\/section>\n\t\t\t\t<section class=\"elementor-section elementor-top-section elementor-element elementor-element-1fb5fa0c elementor-section-boxed elementor-section-height-default elementor-section-height-default\" data-id=\"1fb5fa0c\" data-element_type=\"section\" data-e-type=\"section\" data-settings=\"{&quot;background_background&quot;:&quot;classic&quot;}\">\n\t\t\t\t\t\t<div class=\"elementor-container elementor-column-gap-default\">\n\t\t\t\t\t<div class=\"elementor-column elementor-col-100 elementor-top-column elementor-element elementor-element-2953f55e\" data-id=\"2953f55e\" data-element_type=\"column\" data-e-type=\"column\">\n\t\t\t<div class=\"elementor-widget-wrap elementor-element-populated\">\n\t\t\t\t\t\t<div class=\"elementor-element elementor-element-294c92b0 elementor-widget-divider--view-line elementor-widget elementor-widget-divider\" data-id=\"294c92b0\" data-element_type=\"widget\" data-e-type=\"widget\" data-widget_type=\"divider.default\">\n\t\t\t\t\t\t\t<div class=\"elementor-divider\">\n\t\t\t<span class=\"elementor-divider-separator\">\n\t\t\t\t\t\t<\/span>\n\t\t<\/div>\n\t\t\t\t\t\t<\/div>\n\t\t\t\t<div class=\"elementor-element elementor-element-379684cb elementor-widget elementor-widget-heading\" data-id=\"379684cb\" data-element_type=\"widget\" data-e-type=\"widget\" data-widget_type=\"heading.default\">\n\t\t\t\t\t<h2 class=\"elementor-heading-title elementor-size-default\">Latest Projects<\/h2>\t\t\t\t<\/div>\n\t\t\t\t\t<\/div>\n\t\t<\/div>\n\t\t\t\t\t<\/div>\n\t\t<\/section>\n\t\t\t\t<section class=\"elementor-section elementor-top-section elementor-element elementor-element-79a9a02 elementor-section-height-min-height elementor-section-boxed elementor-section-height-default elementor-section-items-middle\" data-id=\"79a9a02\" data-element_type=\"section\" data-e-type=\"section\" data-settings=\"{&quot;background_background&quot;:&quot;classic&quot;}\">\n\t\t\t\t\t\t<div class=\"elementor-container elementor-column-gap-default\">\n\t\t\t\t\t<div class=\"elementor-column elementor-col-100 elementor-top-column elementor-element elementor-element-3e464c95\" data-id=\"3e464c95\" data-element_type=\"column\" data-e-type=\"column\">\n\t\t\t<div class=\"elementor-widget-wrap elementor-element-populated\">\n\t\t\t\t\t\t<section class=\"elementor-section elementor-inner-section elementor-element elementor-element-2bcfb710 elementor-section-boxed elementor-section-height-default elementor-section-height-default\" data-id=\"2bcfb710\" data-element_type=\"section\" data-e-type=\"section\">\n\t\t\t\t\t\t<div class=\"elementor-container elementor-column-gap-default\">\n\t\t\t\t\t<div class=\"elementor-column elementor-col-100 elementor-inner-column elementor-element elementor-element-722c520\" data-id=\"722c520\" data-element_type=\"column\" data-e-type=\"column\" data-settings=\"{&quot;background_background&quot;:&quot;classic&quot;}\">\n\t\t\t<div class=\"elementor-widget-wrap elementor-element-populated\">\n\t\t\t\t\t\t<div class=\"elementor-element elementor-element-282e1f73 elementor-widget elementor-widget-heading\" data-id=\"282e1f73\" data-element_type=\"widget\" data-e-type=\"widget\" data-widget_type=\"heading.default\">\n\t\t\t\t\t<h2 class=\"elementor-heading-title elementor-size-default\">Contact us now<\/h2>\t\t\t\t<\/div>\n\t\t\t\t<div class=\"elementor-element elementor-element-35a01b36 elementor-widget__width-initial elementor-widget elementor-widget-heading\" data-id=\"35a01b36\" data-element_type=\"widget\" data-e-type=\"widget\" data-widget_type=\"heading.default\">\n\t\t\t\t\t<p class=\"elementor-heading-title elementor-size-default\"><strong>\nE-Mail: <\/strong> info@dr1.fi\n<br>\n<strong>\nTel: <\/strong> <a href=\"#\">+<\/a>358 50 5311188\n<br>\n<strong>\nAddress: <\/strong>sinikalliontie 3 b<br>               02630 Espoo, Finland<\/p>\t\t\t\t<\/div>\n\t\t\t\t\t<\/div>\n\t\t<\/div>\n\t\t\t\t\t<\/div>\n\t\t<\/section>\n\t\t\t\t\t<\/div>\n\t\t<\/div>\n\t\t\t\t\t<\/div>\n\t\t<\/section>\n\t\t\t\t<\/div>\n\t\t","protected":false},"excerpt":{"rendered":"<p>Drone development &amp; sales We have been working with drones since 2006. Our Story ALD Trade Oy on toiminut kauko-ohjattavien droonilaitteiden ja -j\u00e4rjestelmien parissa vuodesta 2006 alkaen. Pitk\u00e4 kokemuksemme ja laaja osaamisemme varmistavat, ett\u00e4 asiakkaan tarpeisiin l\u00f6ytyy paras mahdollinen ratkaisu. Toteutukset ALD Trade toteutti ensimm\u00e4isen drooniprojektinsa Oulun yliopiston kanssa vuonna 2006. Ensimm\u00e4iset kuluttajak\u00e4ytt\u00f6\u00f6n tarkoitetut droonit [&hellip;]<\/p>\n","protected":false},"author":1,"featured_media":0,"parent":0,"menu_order":0,"comment_status":"closed","ping_status":"closed","template":"","meta":{"ocean_post_layout":"full-screen","ocean_both_sidebars_style":"","ocean_both_sidebars_content_width":0,"ocean_both_sidebars_sidebars_width":0,"ocean_sidebar":"0","ocean_second_sidebar":"0","ocean_disable_margins":"on","ocean_add_body_class":"","ocean_shortcode_before_top_bar":"","ocean_shortcode_after_top_bar":"","ocean_shortcode_before_header":"","ocean_shortcode_after_header":"","ocean_has_shortcode":"","ocean_shortcode_after_title":"","ocean_shortcode_before_footer_widgets":"","ocean_shortcode_after_footer_widgets":"","ocean_shortcode_before_footer_bottom":"","ocean_shortcode_after_footer_bottom":"","ocean_display_top_bar":"default","ocean_display_header":"default","ocean_header_style":"transparent","ocean_center_header_left_menu":"0","ocean_custom_header_template":"0","ocean_custom_logo":0,"ocean_custom_retina_logo":0,"ocean_custom_logo_max_width":0,"ocean_custom_logo_tablet_max_width":0,"ocean_custom_logo_mobile_max_width":0,"ocean_custom_logo_max_height":0,"ocean_custom_logo_tablet_max_height":0,"ocean_custom_logo_mobile_max_height":0,"ocean_header_custom_menu":"0","ocean_menu_typo_font_family":"0","ocean_menu_typo_font_subset":"","ocean_menu_typo_font_size":0,"ocean_menu_typo_font_size_tablet":0,"ocean_menu_typo_font_size_mobile":0,"ocean_menu_typo_font_size_unit":"px","ocean_menu_typo_font_weight":"","ocean_menu_typo_font_weight_tablet":"","ocean_menu_typo_font_weight_mobile":"","ocean_menu_typo_transform":"","ocean_menu_typo_transform_tablet":"","ocean_menu_typo_transform_mobile":"","ocean_menu_typo_line_height":0,"ocean_menu_typo_line_height_tablet":0,"ocean_menu_typo_line_height_mobile":0,"ocean_menu_typo_line_height_unit":"","ocean_menu_typo_spacing":0,"ocean_menu_typo_spacing_tablet":0,"ocean_menu_typo_spacing_mobile":0,"ocean_menu_typo_spacing_unit":"","ocean_menu_link_color":"#ffffff","ocean_menu_link_color_hover":"#6e8fef","ocean_menu_link_color_active":"#ffffff","ocean_menu_link_background":"","ocean_menu_link_hover_background":"","ocean_menu_link_active_background":"","ocean_menu_social_links_bg":"","ocean_menu_social_hover_links_bg":"","ocean_menu_social_links_color":"#ffffff","ocean_menu_social_hover_links_color":"#6e8fef","ocean_disable_title":"on","ocean_disable_heading":"default","ocean_post_title":"","ocean_post_subheading":"","ocean_post_title_style":"","ocean_post_title_background_color":"","ocean_post_title_background":0,"ocean_post_title_bg_image_position":"","ocean_post_title_bg_image_attachment":"","ocean_post_title_bg_image_repeat":"","ocean_post_title_bg_image_size":"","ocean_post_title_height":0,"ocean_post_title_bg_overlay":0.5,"ocean_post_title_bg_overlay_color":"","ocean_disable_breadcrumbs":"off","ocean_breadcrumbs_color":"","ocean_breadcrumbs_separator_color":"","ocean_breadcrumbs_links_color":"","ocean_breadcrumbs_links_hover_color":"","ocean_display_footer_widgets":"default","ocean_display_footer_bottom":"default","ocean_custom_footer_template":"0","_kadence_starter_templates_imported_post":false,"footnotes":""},"class_list":["post-465","page","type-page","status-publish","hentry","entry"],"_links":{"self":[{"href":"https:\/\/aldtrade.fi\/index.php?rest_route=\/wp\/v2\/pages\/465","targetHints":{"allow":["GET"]}}],"collection":[{"href":"https:\/\/aldtrade.fi\/index.php?rest_route=\/wp\/v2\/pages"}],"about":[{"href":"https:\/\/aldtrade.fi\/index.php?rest_route=\/wp\/v2\/types\/page"}],"author":[{"embeddable":true,"href":"https:\/\/aldtrade.fi\/index.php?rest_route=\/wp\/v2\/users\/1"}],"replies":[{"embeddable":true,"href":"https:\/\/aldtrade.fi\/index.php?rest_route=%2Fwp%2Fv2%2Fcomments&post=465"}],"version-history":[{"count":16,"href":"https:\/\/aldtrade.fi\/index.php?rest_route=\/wp\/v2\/pages\/465\/revisions"}],"predecessor-version":[{"id":831,"href":"https:\/\/aldtrade.fi\/index.php?rest_route=\/wp\/v2\/pages\/465\/revisions\/831"}],"wp:attachment":[{"href":"https:\/\/aldtrade.fi\/index.php?rest_route=%2Fwp%2Fv2%2Fmedia&parent=465"}],"curies":[{"name":"wp","href":"https:\/\/api.w.org\/{rel}","templated":true}]}}